{"id":11,"date":"2019-06-07T11:40:44","date_gmt":"2019-06-07T09:40:44","guid":{"rendered":"https:\/\/bpf-west.de\/sdb\/?page_id=11"},"modified":"2026-01-23T13:51:42","modified_gmt":"2026-01-23T11:51:42","slug":"projekte","status":"publish","type":"page","link":"https:\/\/bpf-west.de\/sdb\/projekte\/","title":{"rendered":"Projektfinanzierung"},"content":{"rendered":"\n<p>Die B\u00fcrgerplattform West kann im Zeitraum 01.01.2026 bis 31.12.2026 \u00fcber ein Budget von 18.991,45 \u20ac verf\u00fcgen.<br><\/p>\n\n\n\n<p>Dieses Geld kann in Mikroprojekte im Stadtgebiet investiert werden. Wir stellen hier eine kleine Liste von bewilligten Projekten aus anderen Stadtgebiete vor. Nat\u00fcrlich k\u00f6nnen auch noch viele andere Projekte und Ideen <a href=\"https:\/\/bpf-west.de\/sdb\/projektantrag\/\">Unterst\u00fctzung erfahren<\/a>. Kommt einfach auf uns zu.<\/p>\n\n\n\n<ul class=\"wp-block-list\">\n<li>Stadtteilfeste, \u00f6ffentliche Feste von Gewerbetreibenden<br>\u2013 Kosten f\u00fcr eine H\u00fcpfburg, Ponyreiten, Honorare f\u00fcr Unterhalter (z.B. Zauberer)<\/li>\n\n\n\n<li>Kulturangebote<br>\u2013 Lesungen, Theaterveranstaltungen<\/li>\n\n\n\n<li>Gemeinwesen-Aktionen<br>\u2013  Wanderungen, M\u00fcll-Sammlungen<\/li>\n\n\n\n<li>Fotoausstellungen und Wettbewerbe<\/li>\n\n\n\n<li>Rekultivierung \u00f6ffentlicher Gr\u00fcnanlagen und Brachen<\/li>\n\n\n\n<li>Aufwertungen der Wohngebiete durch Anpflanzungen oder Sitzbereiche<\/li>\n<\/ul>\n\n\n\n<p><\/p>\n\n\n\n<p><a href=\"https:\/\/bpf-west.de\/sdb\/projektantrag\/\">Hier Antrag stellen &#8211;&gt;<\/a><\/p>\n\n\n\n<h2 class=\"wp-block-heading\">Jahresr\u00fcckblick 2024 der B\u00fcrgerplattform West<\/h2>\n\n\n\n<p>\u2022 Im Jahr 2024 standen der B\u00fcrgerplattform West 34.624,66 \u20ac B\u00fcrgerbudget zur Verf\u00fcgung<\/p>\n\n\n\n<p>\u2022 Es wurden 13 Projekte gef\u00f6rdert, wobei 24.051,85 \u20ac verausgabt wurden welches rund 70 % des zur Verf\u00fcgung gestellten B\u00fcrgerbudgets entspricht. In diese Projekte brachten die vielen Ehrenamtler 61.406,55 \u20ac an Eigenmittel \/ Eigenleistung ein, so dass der berechenbare Wert der Projekte 85458,40 \u20ac betr\u00e4gt. Der ideelle Wert f\u00fcr die B\u00fcrger des Chemnitzer Westens ist unsch\u00e4tzbar.<\/p>\n\n\n\n<p>\u2022 7 Projekttr\u00e4ger realisierten die Projekte.<\/p>\n\n\n\n<p>\u2022 Projekte die direkt f\u00fcr Kinder und Jugendliche durchgef\u00fchrt wurden, erhielten eine F\u00f6rderung in H\u00f6he von 3.750,12 \u20ac, was rund 15,6 % des verausgabten oder rund 10,8 % des Gesamtbudgets entspricht.<\/p>\n\n\n\n<p>\u2022 Auch der Gro\u00dfteil der anderen Projekte richteten sich teilweise an Kinder und Jugendliche, z.B. alle Feste, die als Familienveranstaltungen eigene Programmpunkte f\u00fcr Kinder und Jugendliche aufzuweisen hatten.<\/p>\n\n\n\n<p>\u20221 neuer Tr\u00e4ger realisierte sein Projekt, wobei 243,95 \u20ac verausgabt wurden. Dies entspricht rund 1 % des verausgabten oder rund 0,7 % des Gesamtbudgets.<\/p>\n\n\n\n<p>Unser geplantes vierzehntes Projekt, ein B\u00fcrgerforum zum Sanierungsgebiet Zwickauer Stra\u00dfe zu veranstalten, wurde letztendlich von der Stadtverwaltung organisiert und durchgef\u00fchrt.<\/p>\n\n\n\n<h2 class=\"wp-block-heading\">Jahresr\u00fcckblick 2023 der B\u00fcrgerplattform West<\/h2>\n\n\n\n<ol class=\"wp-block-list\">\n<li>Im Jahr 2023 standen der B\u00fcrgerplattform West 34.761,51 \u20ac B\u00fcrgerbudget zur Verf\u00fcgung<\/li>\n\n\n\n<li>Es wurden 17 Projekte wurden gef\u00f6rdert, wobei 25.656,05 \u20ac B\u00fcrgerbudget verausgabt wurden.<\/li>\n\n\n\n<li>13 Projekttr\u00e4ger realisierten die Projekte.<\/li>\n\n\n\n<li>Projekte die direkt f\u00fcr Kinder und Jugendliche durchgef\u00fchrt wurden, erhielten eine<br>F\u00f6rderung in H\u00f6he von 4.731,82 \u20ac, was rund 18,4 % des verausgabten oder rund 13,6 % des Gesamtbudgets entspricht.<\/li>\n\n\n\n<li>Auch andere Projekte richteten sich teilweise an Kinder und Jugendliche, z.B. alle Feste, die als Familienveranstaltungen eigene Programmpunkte f\u00fcr Kinder und Jugendliche aufzuweisen hatten.<\/li>\n\n\n\n<li>3 neue Tr\u00e4ger realisierten ihre Projekte, wobei 6.050,95 \u20ac verausgabt wurden. Dies entspricht rund 23,6 % des verausgabten oder rund 17,4 % des Gesamtbudgets<\/li>\n<\/ol>\n\n\n\n<h2 class=\"wp-block-heading\">Jahresr\u00fcckblick 2022 der B\u00fcrgerplattform West<\/h2>\n\n\n\n<ol class=\"wp-block-list\">\n<li>Im Jahr 2022 standen der B\u00fcrgerplattform West 34.745,41 \u20ac B\u00fcrgerbudget zur Verf\u00fcgung<\/li>\n\n\n\n<li>Es wurden 15 Projekte wurden gef\u00f6rdert, wobei 21.510,55 \u20ac B\u00fcrgerbudget verausgabt wurden.<\/li>\n\n\n\n<li>10 Projekttr\u00e4ger realisierten die Projekte.<\/li>\n\n\n\n<li>Projekte die direkt f\u00fcr Kinder und Jugendliche durchgef\u00fchrt wurden, erhielten eine<br>F\u00f6rderung in H\u00f6he von 3.784,77 \u20ac, was rund 17,5 % des verausgabten oder rund 11 % des Gesamtbudgets entspricht.<\/li>\n\n\n\n<li>Auch andere Projekte richteten sich teilweise an Kinder und Jugendliche, z.B. alle Feste, die als Familienveranstaltungen eigene Programmpunkte f\u00fcr Kinder und Jugendliche aufzuweisen hatten.<\/li>\n\n\n\n<li>3 neue Tr\u00e4ger realisierten ihre Projekte, wobei 4.088,25 \u20ac verausgabt wurden. Dies entspricht rund 19 % des verausgabten oder rund 11,5 % des Gesamtbudgets<\/li>\n<\/ol>\n","protected":false},"excerpt":{"rendered":"<p>Die B\u00fcrgerplattform West kann im Zeitraum 01.01.2026 bis 31.12.2026 \u00fcber ein Budget von 18.991,45 \u20ac verf\u00fcgen. Dieses Geld kann in Mikroprojekte im Stadtgebiet investiert werden. Wir stellen hier eine kleine Liste von bewilligten Projekten aus anderen Stadtgebiete vor. Nat\u00fcrlich k\u00f6nnen auch noch viele andere Projekte und Ideen Unterst\u00fctzung erfahren. Kommt einfach auf uns zu. Hier &hellip; <a href=\"https:\/\/bpf-west.de\/sdb\/projekte\/\" class=\"more-link\"><span class=\"screen-reader-text\">Projektfinanzierung<\/span> weiterlesen<\/a><\/p>\n","protected":false},"author":2,"featured_media":0,"parent":0,"menu_order":0,"comment_status":"closed","ping_status":"closed","template":"","meta":{"footnotes":""},"class_list":["post-11","page","type-page","status-publish","hentry"],"_links":{"self":[{"href":"https:\/\/bpf-west.de\/sdb\/wp-json\/wp\/v2\/pages\/11","targetHints":{"allow":["GET"]}}],"collection":[{"href":"https:\/\/bpf-west.de\/sdb\/wp-json\/wp\/v2\/pages"}],"about":[{"href":"https:\/\/bpf-west.de\/sdb\/wp-json\/wp\/v2\/types\/page"}],"author":[{"embeddable":true,"href":"https:\/\/bpf-west.de\/sdb\/wp-json\/wp\/v2\/users\/2"}],"replies":[{"embeddable":true,"href":"https:\/\/bpf-west.de\/sdb\/wp-json\/wp\/v2\/comments?post=11"}],"version-history":[{"count":17,"href":"https:\/\/bpf-west.de\/sdb\/wp-json\/wp\/v2\/pages\/11\/revisions"}],"predecessor-version":[{"id":918,"href":"https:\/\/bpf-west.de\/sdb\/wp-json\/wp\/v2\/pages\/11\/revisions\/918"}],"wp:attachment":[{"href":"https:\/\/bpf-west.de\/sdb\/wp-json\/wp\/v2\/media?parent=11"}],"curies":[{"name":"wp","href":"https:\/\/api.w.org\/{rel}","templated":true}]}}